{"id":81,"date":"2024-09-06T18:44:20","date_gmt":"2024-09-06T18:44:20","guid":{"rendered":"https:\/\/adamczyk-wycena.pl\/?page_id=81"},"modified":"2024-09-09T16:12:01","modified_gmt":"2024-09-09T16:12:01","slug":"kontakt","status":"publish","type":"page","link":"https:\/\/adamczyk-wycena.pl\/index.php\/kontakt\/","title":{"rendered":"Kontakt"},"content":{"rendered":"\t\t<div data-elementor-type=\"wp-page\" data-elementor-id=\"81\" class=\"elementor elementor-81\">\n\t\t\t\t<div class=\"elementor-element elementor-element-b45988b e-flex e-con-boxed e-con e-parent\" data-id=\"b45988b\" data-element_type=\"container\">\n\t\t\t\t\t<div class=\"e-con-inner\">\n\t\t\t\t<div class=\"elementor-element elementor-element-4443e506 elementor-widget elementor-widget-text-editor\" data-id=\"4443e506\" data-element_type=\"widget\" data-widget_type=\"text-editor.default\">\n\t\t\t\t<div class=\"elementor-widget-container\">\n\t\t\t\t\t\t\t\t\t\n<p>Biuro Rzeczoznawcy Maj\u0105tkowego<br \/>Glob Nieruchomo\u015bci Daniel Adamczyk<br \/>Che\u0142mce 55A<br \/>88-121 Che\u0142mce<\/p>\n\n<p><strong>E-mail:<\/strong><\/p>\n\n<ul class=\"wp-block-list\">\n<li><a href=\"mailto:zlecenia@briwyceny.pl\">danieladamczyk@op.pl<\/a><\/li>\n\n<li><a href=\"mailto:rzeczoznawca@briwyceny.pl\">rzeczoznawca@adamczyk-wycena.pl<\/a><\/li>\n\n<li>Tel:\u00a0785958478<\/li>\n<\/ul>\n\n<p>Rzeczoznawca maj\u0105tkowy nr upr. 6997<\/p>\n<p><strong>Cz\u0142onek Polskiego Stowarzyszenia Rzeczoznawc\u00f3w Wyceny Nieruchomo\u015bci im. prof. Andrzeja Hopfera Oddzia\u0142 we W\u0142oc\u0142awku<\/strong><\/p>\n\n<p>Je\u015bli chcesz zam\u00f3wi\u0107 wycen\u0119 nieruchomo\u015bci lub chcia\u0142by\u015b spotka\u0107 si\u0119 z rzeczoznawc\u0105 w celu om\u00f3wienia szczeg\u00f3\u0142\u00f3w zadzwo\u0144 pod nr 785 95 84 78 lub skorzystaj z formularza.<\/p>\n\t\t\t\t\t\t\t\t<\/div>\n\t\t\t\t<\/div>\n\t\t\t\t\t<\/div>\n\t\t\t\t<\/div>\n\t\t<div class=\"elementor-element elementor-element-053993b e-flex e-con-boxed e-con e-parent\" data-id=\"053993b\" data-element_type=\"container\">\n\t\t\t\t\t<div class=\"e-con-inner\">\n\t\t\t\t<div class=\"elementor-element elementor-element-f741093 elementor-widget elementor-widget-heading\" data-id=\"f741093\" data-element_type=\"widget\" data-widget_type=\"heading.default\">\n\t\t\t\t<div class=\"elementor-widget-container\">\n\t\t\t\t\t<h2 class=\"elementor-heading-title elementor-size-default\">Zg\u0142o\u015b wycen\u0119<\/h2>\t\t\t\t<\/div>\n\t\t\t\t<\/div>\n\t\t\t\t\t<\/div>\n\t\t\t\t<\/div>\n\t\t<div class=\"elementor-element elementor-element-ddcafdf e-flex e-con-boxed e-con e-parent\" data-id=\"ddcafdf\" data-element_type=\"container\">\n\t\t\t\t\t<div class=\"e-con-inner\">\n\t\t\t\t<div class=\"elementor-element elementor-element-58d06c9 elementor-widget elementor-widget-wpforms\" data-id=\"58d06c9\" data-element_type=\"widget\" data-widget_type=\"wpforms.default\">\n\t\t\t\t<div class=\"elementor-widget-container\">\n\t\t\t\t\t<div class=\"wpforms-container wpforms-container-full wpforms-render-modern\" id=\"wpforms-189\"><form id=\"wpforms-form-189\" class=\"wpforms-validate wpforms-form wpforms-ajax-form\" data-formid=\"189\" method=\"post\" enctype=\"multipart\/form-data\" action=\"\/index.php\/wp-json\/wp\/v2\/pages\/81\" data-token=\"54e0bc45f4a9405855f79bfeceb65511\" data-token-time=\"1776656779\"><noscript class=\"wpforms-error-noscript\">Aby wype\u0142ni\u0107 ten formularz, w\u0142\u0105cz obs\u0142ug\u0119 JavaScript w przegl\u0105darce.<\/noscript><div id=\"wpforms-error-noscript\" style=\"display: none;\">Aby wype\u0142ni\u0107 ten formularz, w\u0142\u0105cz obs\u0142ug\u0119 JavaScript w przegl\u0105darce.<\/div><div class=\"wpforms-field-container\"><div id=\"wpforms-189-field_1-container\" class=\"wpforms-field wpforms-field-name\" data-field-id=\"1\"><fieldset><legend class=\"wpforms-field-label\">Imi\u0119 i nazwisko <span class=\"wpforms-required-label\" aria-hidden=\"true\">*<\/span><\/legend><div class=\"wpforms-field-row wpforms-field-medium\"><div class=\"wpforms-field-row-block wpforms-first wpforms-one-half\"><input type=\"text\" id=\"wpforms-189-field_1\" class=\"wpforms-field-name-first wpforms-field-required\" name=\"wpforms[fields][1][first]\" aria-errormessage=\"wpforms-189-field_1-error\" required><label for=\"wpforms-189-field_1\" class=\"wpforms-field-sublabel after\">Pierwszy<\/label><\/div><div class=\"wpforms-field-row-block wpforms-one-half\"><input type=\"text\" id=\"wpforms-189-field_1-last\" class=\"wpforms-field-name-last wpforms-field-required\" name=\"wpforms[fields][1][last]\" aria-errormessage=\"wpforms-189-field_1-last-error\" required><label for=\"wpforms-189-field_1-last\" class=\"wpforms-field-sublabel after\">Ostatni<\/label><\/div><\/div><\/fieldset><\/div><div id=\"wpforms-189-field_2-container\" class=\"wpforms-field wpforms-field-email\" data-field-id=\"2\"><label class=\"wpforms-field-label\" for=\"wpforms-189-field_2\">Adres e-mail <span class=\"wpforms-required-label\" aria-hidden=\"true\">*<\/span><\/label><input type=\"email\" id=\"wpforms-189-field_2\" class=\"wpforms-field-medium wpforms-field-required\" name=\"wpforms[fields][2]\" spellcheck=\"false\" aria-errormessage=\"wpforms-189-field_2-error\" required><\/div><div id=\"wpforms-189-field_3-container\" class=\"wpforms-field wpforms-field-textarea\" data-field-id=\"3\"><label class=\"wpforms-field-label\" for=\"wpforms-189-field_3\">Komentarz lub wiadomo\u015b\u0107<\/label><textarea id=\"wpforms-189-field_3\" class=\"wpforms-field-medium\" name=\"wpforms[fields][3]\" aria-errormessage=\"wpforms-189-field_3-error\" ><\/textarea><\/div><div id=\"wpforms-189-field_5-container\" class=\"wpforms-field wpforms-field-checkbox\" data-field-id=\"5\"><fieldset><legend class=\"wpforms-field-label wpforms-label-hide\" aria-hidden=\"false\"> <span class=\"wpforms-required-label\" aria-hidden=\"true\">*<\/span><\/legend><ul id=\"wpforms-189-field_5\" class=\"wpforms-field-required\"><li class=\"choice-1 depth-1\"><input type=\"checkbox\" id=\"wpforms-189-field_5_1\" name=\"wpforms[fields][5][]\" value=\"1\" aria-errormessage=\"wpforms-189-field_5_1-error\" aria-describedby=\"wpforms-189-field_5-description\" required ><label class=\"wpforms-field-label-inline\" for=\"wpforms-189-field_5_1\">1<\/label><\/li><\/ul><div id=\"wpforms-189-field_5-description\" class=\"wpforms-field-description\">Wyra\u017cam zgod\u0119 na u\u017cywanie przez Daniela Adamczyka prowadz\u0105cego dzia\u0142alno\u015b\u0107 gospodarcz\u0105 pod nazw\u0105 Glob Nieruchomo\u015bci Daniel Adamczyk z siedzib\u0105:  Che\u0142mce 55A, 88-121 Che\u0142mce,  telekomunikacyjnych urz\u0105dze\u0144 ko\u0144cowych, kt\u00f3rych jestem u\u017cytkownikiem, dla cel\u00f3w realizacji zg\u0142oszenia zgodnie z art. 172 ustawy z dnia 16 lipca 2004 r. Prawo telekomunikacyjne (Dz.U. 2004 nr 171 poz. 1800).<\/div><\/fieldset><\/div><div id=\"wpforms-189-field_6-container\" class=\"wpforms-field wpforms-field-checkbox\" data-field-id=\"6\"><fieldset><legend class=\"wpforms-field-label wpforms-label-hide\" aria-hidden=\"false\"> <span class=\"wpforms-required-label\" aria-hidden=\"true\">*<\/span><\/legend><ul id=\"wpforms-189-field_6\" class=\"wpforms-field-required\"><li class=\"choice-1 depth-1\"><input type=\"checkbox\" id=\"wpforms-189-field_6_1\" name=\"wpforms[fields][6][]\" value=\"2\" aria-errormessage=\"wpforms-189-field_6_1-error\" aria-describedby=\"wpforms-189-field_6-description\" required ><label class=\"wpforms-field-label-inline\" for=\"wpforms-189-field_6_1\">2<\/label><\/li><\/ul><div id=\"wpforms-189-field_6-description\" class=\"wpforms-field-description\">Dane osobowe podane w formularzu b\u0119d\u0105 przetwarzane w celu obs\u0142ugi Twojego zapytania. Podanie danych jest dobrowolne, ale niezb\u0119dne do przetworzenia zapytania. O\u015bwiadczam, i\u017c zapozna\u0142em\/zapozna\u0142am si\u0119 z pouczeniem, \u017ce przys\u0142uguje mi prawo dost\u0119pu do swoich danych, mo\u017cliwo\u015bci ich poprawiania oraz \u017c\u0105dania zaprzestania ich przetwarzania.<\/div><\/fieldset><\/div>\t\t<div id=\"wpforms-189-field_4-container\"\n\t\t\tclass=\"wpforms-field wpforms-field-text\"\n\t\t\tdata-field-type=\"text\"\n\t\t\tdata-field-id=\"4\"\n\t\t\t>\n\t\t\t<label class=\"wpforms-field-label\" for=\"wpforms-189-field_4\" >i Imi\u0119 e-mail<\/label>\n\t\t\t<input type=\"text\" id=\"wpforms-189-field_4\" class=\"wpforms-field-medium\" name=\"wpforms[fields][4]\" >\n\t\t<\/div>\n\t\t<div id=\"wpforms-189-field_7-container\" class=\"wpforms-field wpforms-field-checkbox\" data-field-id=\"7\"><fieldset><legend class=\"wpforms-field-label wpforms-label-hide\" aria-hidden=\"false\"> <span class=\"wpforms-required-label\" aria-hidden=\"true\">*<\/span><\/legend><ul id=\"wpforms-189-field_7\" class=\"wpforms-field-required\"><li class=\"choice-1 depth-1\"><input type=\"checkbox\" id=\"wpforms-189-field_7_1\" name=\"wpforms[fields][7][]\" value=\"3\" aria-errormessage=\"wpforms-189-field_7_1-error\" aria-describedby=\"wpforms-189-field_7-description\" required ><label class=\"wpforms-field-label-inline\" for=\"wpforms-189-field_7_1\">3<\/label><\/li><\/ul><div id=\"wpforms-189-field_7-description\" class=\"wpforms-field-description\">Administratorem Twoich danych b\u0119dzie Daniel Adamczyk prowadz\u0105cy dzia\u0142alno\u015b\u0107 gospodarcz\u0105 pod nazw\u0105 Glob Nieruchomo\u015bci Daniel Adamczyk\r\nz siedzib\u0105 w Che\u0142mce 55A, 88-121 Che\u0142mce.\r\nPotwierdzam, i\u017c zapozna\u0142em\/am si\u0119 Polityk\u0105 Prywatno\u015bci<\/div><\/fieldset><\/div><script>\n\t\t\t\t( function() {\n\t\t\t\t\tconst style = document.createElement( 'style' );\n\t\t\t\t\tstyle.appendChild( document.createTextNode( '#wpforms-189-field_4-container { position: absolute !important; overflow: hidden !important; display: inline !important; height: 1px !important; width: 1px !important; z-index: -1000 !important; padding: 0 !important; } #wpforms-189-field_4-container input { visibility: hidden; } #wpforms-conversational-form-page #wpforms-189-field_4-container label { counter-increment: none; }' ) );\n\t\t\t\t\tdocument.head.appendChild( style );\n\t\t\t\t\tdocument.currentScript?.remove();\n\t\t\t\t} )();\n\t\t\t<\/script><\/div><!-- .wpforms-field-container --><div class=\"wpforms-submit-container\" ><input type=\"hidden\" name=\"wpforms[id]\" value=\"189\"><input type=\"hidden\" name=\"page_title\" value=\"\"><input type=\"hidden\" name=\"page_url\" value=\"https:\/\/adamczyk-wycena.pl\/index.php\/wp-json\/wp\/v2\/pages\/81\"><input type=\"hidden\" name=\"url_referer\" value=\"\"><button type=\"submit\" name=\"wpforms[submit]\" id=\"wpforms-submit-189\" class=\"wpforms-submit\" data-alt-text=\"Wysy\u0142anie...\" data-submit-text=\"Prze\u015blij\" aria-live=\"assertive\" value=\"wpforms-submit\">Prze\u015blij<\/button><img decoding=\"async\" src=\"https:\/\/adamczyk-wycena.pl\/wp-content\/plugins\/wpforms-lite\/assets\/images\/submit-spin.svg\" class=\"wpforms-submit-spinner\" style=\"display: none;\" width=\"26\" height=\"26\" alt=\"Wczytywanie\"><\/div><\/form><\/div>  <!-- .wpforms-container -->\t\t\t\t<\/div>\n\t\t\t\t<\/div>\n\t\t\t\t\t<\/div>\n\t\t\t\t<\/div>\n\t\t\t\t<\/div>\n\t\t","protected":false},"excerpt":{"rendered":"<p>Biuro Rzeczoznawcy Maj\u0105tkowegoGlob Nieruchomo\u015bci Daniel AdamczykChe\u0142mce 55A88-121 Che\u0142mce E-mail: Rzeczoznawca maj\u0105tkowy nr upr. 6997 Cz\u0142onek Polskiego Stowarzyszenia Rzeczoznawc\u00f3w Wyceny Nieruchomo\u015bci im. prof. Andrzeja Hopfera Oddzia\u0142 we W\u0142oc\u0142awku Je\u015bli chcesz zam\u00f3wi\u0107 wycen\u0119 nieruchomo\u015bci lub chcia\u0142by\u015b spotka\u0107 si\u0119 z rzeczoznawc\u0105 w celu om\u00f3wienia szczeg\u00f3\u0142\u00f3w zadzwo\u0144 pod nr 785 95 84 78 lub skorzystaj z formularza. Zg\u0142o\u015b wycen\u0119 &hellip; <\/p>\n<p class=\"link-more\"><a href=\"https:\/\/adamczyk-wycena.pl\/index.php\/kontakt\/\" class=\"more-link\">Czytaj dalej<span class=\"screen-reader-text\"> \u201eKontakt\u201d<\/span><\/a><\/p>\n","protected":false},"author":1,"featured_media":0,"parent":0,"menu_order":0,"comment_status":"closed","ping_status":"closed","template":"","meta":{"_monsterinsights_skip_tracking":false,"_monsterinsights_sitenote_active":false,"_monsterinsights_sitenote_note":"","_monsterinsights_sitenote_category":0,"footnotes":""},"class_list":["post-81","page","type-page","status-publish","hentry"],"aioseo_notices":[],"_links":{"self":[{"href":"https:\/\/adamczyk-wycena.pl\/index.php\/wp-json\/wp\/v2\/pages\/81","targetHints":{"allow":["GET"]}}],"collection":[{"href":"https:\/\/adamczyk-wycena.pl\/index.php\/wp-json\/wp\/v2\/pages"}],"about":[{"href":"https:\/\/adamczyk-wycena.pl\/index.php\/wp-json\/wp\/v2\/types\/page"}],"author":[{"embeddable":true,"href":"https:\/\/adamczyk-wycena.pl\/index.php\/wp-json\/wp\/v2\/users\/1"}],"replies":[{"embeddable":true,"href":"https:\/\/adamczyk-wycena.pl\/index.php\/wp-json\/wp\/v2\/comments?post=81"}],"version-history":[{"count":17,"href":"https:\/\/adamczyk-wycena.pl\/index.php\/wp-json\/wp\/v2\/pages\/81\/revisions"}],"predecessor-version":[{"id":247,"href":"https:\/\/adamczyk-wycena.pl\/index.php\/wp-json\/wp\/v2\/pages\/81\/revisions\/247"}],"wp:attachment":[{"href":"https:\/\/adamczyk-wycena.pl\/index.php\/wp-json\/wp\/v2\/media?parent=81"}],"curies":[{"name":"wp","href":"https:\/\/api.w.org\/{rel}","templated":true}]}}