{"id":278,"date":"2024-09-14T10:31:02","date_gmt":"2024-09-14T10:31:02","guid":{"rendered":"https:\/\/adamczyk-wycena.pl\/?page_id=278"},"modified":"2024-09-14T10:51:03","modified_gmt":"2024-09-14T10:51:03","slug":"zasie-dzialalnosc","status":"publish","type":"page","link":"https:\/\/adamczyk-wycena.pl\/index.php\/zasie-dzialalnosc\/","title":{"rendered":"Zasi\u0119g dzia\u0142alno\u015bci"},"content":{"rendered":"\t\t<div data-elementor-type=\"wp-page\" data-elementor-id=\"278\" class=\"elementor elementor-278\">\n\t\t\t\t<div class=\"elementor-element elementor-element-29947d6 e-flex e-con-boxed e-con e-parent\" data-id=\"29947d6\" data-element_type=\"container\">\n\t\t\t\t\t<div class=\"e-con-inner\">\n\t\t\t\t<div class=\"elementor-element elementor-element-5a70c32 elementor-widget elementor-widget-heading\" data-id=\"5a70c32\" data-element_type=\"widget\" data-widget_type=\"heading.default\">\n\t\t\t\t<div class=\"elementor-widget-container\">\n\t\t\t\t\t<h2 class=\"elementor-heading-title elementor-size-default\">Obszar, w kt\u00f3rym wykonywane s\u0105 wyceny nieruchomo\u015bci obejmuje:<\/h2>\t\t\t\t<\/div>\n\t\t\t\t<\/div>\n\t\t\t\t\t<\/div>\n\t\t\t\t<\/div>\n\t\t<div class=\"elementor-element elementor-element-6338833 e-flex e-con-boxed e-con e-parent\" data-id=\"6338833\" data-element_type=\"container\">\n\t\t\t\t\t<div class=\"e-con-inner\">\n\t\t\t\t<div class=\"elementor-element elementor-element-3677db2 elementor-widget elementor-widget-heading\" data-id=\"3677db2\" data-element_type=\"widget\" data-widget_type=\"heading.default\">\n\t\t\t\t<div class=\"elementor-widget-container\">\n\t\t\t\t\t<h2 class=\"elementor-heading-title elementor-size-default\">Powiat i miasto W\u0142oc\u0142awek:<br><\/h2>\t\t\t\t<\/div>\n\t\t\t\t<\/div>\n\t\t\t\t\t<\/div>\n\t\t\t\t<\/div>\n\t\t<div class=\"elementor-element elementor-element-12cefb7 e-flex e-con-boxed e-con e-parent\" data-id=\"12cefb7\" data-element_type=\"container\">\n\t\t\t\t\t<div class=\"e-con-inner\">\n\t\t\t\t<div class=\"elementor-element elementor-element-1e10159 elementor-widget elementor-widget-text-editor\" data-id=\"1e10159\" data-element_type=\"widget\" data-widget_type=\"text-editor.default\">\n\t\t\t\t<div class=\"elementor-widget-container\">\n\t\t\t\t\t\t\t\t\t<ul><li>W\u0142oc\u0142awek<\/li><li>Brze\u015b\u0107 Kujawski<\/li><li>Baruchowo<\/li><li>Lubanie<\/li><li>Lubraniec<\/li><li>Choce\u0144<\/li><li>Chodecz<\/li><li>Fabianki<\/li><li>Izbica Kujawska<\/li><li>Boniewo<\/li><li>Kowal<\/li><\/ul>\t\t\t\t\t\t\t\t<\/div>\n\t\t\t\t<\/div>\n\t\t\t\t\t<\/div>\n\t\t\t\t<\/div>\n\t\t<div class=\"elementor-element elementor-element-9df4050 e-flex e-con-boxed e-con e-parent\" data-id=\"9df4050\" data-element_type=\"container\">\n\t\t\t\t\t<div class=\"e-con-inner\">\n\t\t\t\t<div class=\"elementor-element elementor-element-4954f44 elementor-widget elementor-widget-heading\" data-id=\"4954f44\" data-element_type=\"widget\" data-widget_type=\"heading.default\">\n\t\t\t\t<div class=\"elementor-widget-container\">\n\t\t\t\t\t<h2 class=\"elementor-heading-title elementor-size-default\">Powiat i miasto Aleksandr\u00f3w Kujawski:<\/h2>\t\t\t\t<\/div>\n\t\t\t\t<\/div>\n\t\t\t\t\t<\/div>\n\t\t\t\t<\/div>\n\t\t<div class=\"elementor-element elementor-element-106185c e-flex e-con-boxed e-con e-parent\" data-id=\"106185c\" data-element_type=\"container\">\n\t\t\t\t\t<div class=\"e-con-inner\">\n\t\t\t\t<div class=\"elementor-element elementor-element-4af8cc5 elementor-widget elementor-widget-text-editor\" data-id=\"4af8cc5\" data-element_type=\"widget\" data-widget_type=\"text-editor.default\">\n\t\t\t\t<div class=\"elementor-widget-container\">\n\t\t\t\t\t\t\t\t\t<ul><li>Aleksandr\u00f3w Kujawski<\/li><li>Ciechocinek<\/li><li>Zakrzewo<\/li><li>B\u0105dkowo<\/li><li>Koneck<\/li><li>Raci\u0105\u017cek<\/li><li>Waganiec<\/li><li>Ciechocinek<\/li><\/ul>\t\t\t\t\t\t\t\t<\/div>\n\t\t\t\t<\/div>\n\t\t\t\t\t<\/div>\n\t\t\t\t<\/div>\n\t\t<div class=\"elementor-element elementor-element-1e5a346 e-flex e-con-boxed e-con e-parent\" data-id=\"1e5a346\" data-element_type=\"container\">\n\t\t\t\t\t<div class=\"e-con-inner\">\n\t\t\t\t<div class=\"elementor-element elementor-element-e95dffc elementor-widget elementor-widget-heading\" data-id=\"e95dffc\" data-element_type=\"widget\" data-widget_type=\"heading.default\">\n\t\t\t\t<div class=\"elementor-widget-container\">\n\t\t\t\t\t<h2 class=\"elementor-heading-title elementor-size-default\">Powiat i miasto Radziej\u00f3w:<\/h2>\t\t\t\t<\/div>\n\t\t\t\t<\/div>\n\t\t\t\t\t<\/div>\n\t\t\t\t<\/div>\n\t\t<div class=\"elementor-element elementor-element-24c681f e-flex e-con-boxed e-con e-parent\" data-id=\"24c681f\" data-element_type=\"container\">\n\t\t\t\t\t<div class=\"e-con-inner\">\n\t\t\t\t<div class=\"elementor-element elementor-element-2f5257b elementor-widget elementor-widget-text-editor\" data-id=\"2f5257b\" data-element_type=\"widget\" data-widget_type=\"text-editor.default\">\n\t\t\t\t<div class=\"elementor-widget-container\">\n\t\t\t\t\t\t\t\t\t<ul><li>Radziej\u00f3w<\/li><li>Piotrk\u00f3w Kujawski<\/li><li>Bycz<\/li><li>Top\u00f3lka<\/li><li>Osi\u0119ciny<\/li><li>Dobre<\/li><\/ul>\t\t\t\t\t\t\t\t<\/div>\n\t\t\t\t<\/div>\n\t\t\t\t\t<\/div>\n\t\t\t\t<\/div>\n\t\t<div class=\"elementor-element elementor-element-0d62ea0 e-flex e-con-boxed e-con e-parent\" data-id=\"0d62ea0\" data-element_type=\"container\">\n\t\t\t\t\t<div class=\"e-con-inner\">\n\t\t\t\t<div class=\"elementor-element elementor-element-f998ebc elementor-widget elementor-widget-heading\" data-id=\"f998ebc\" data-element_type=\"widget\" data-widget_type=\"heading.default\">\n\t\t\t\t<div class=\"elementor-widget-container\">\n\t\t\t\t\t<h2 class=\"elementor-heading-title elementor-size-default\">Powiat i miasto Ko\u0142o:<\/h2>\t\t\t\t<\/div>\n\t\t\t\t<\/div>\n\t\t\t\t\t<\/div>\n\t\t\t\t<\/div>\n\t\t<div class=\"elementor-element elementor-element-d810518 e-flex e-con-boxed e-con e-parent\" data-id=\"d810518\" data-element_type=\"container\">\n\t\t\t\t\t<div class=\"e-con-inner\">\n\t\t\t\t<div class=\"elementor-element elementor-element-ed0a014 elementor-widget elementor-widget-text-editor\" data-id=\"ed0a014\" data-element_type=\"widget\" data-widget_type=\"text-editor.default\">\n\t\t\t\t<div class=\"elementor-widget-container\">\n\t\t\t\t\t\t\t\t\t<ul><li>Ko\u0142o<\/li><li>K\u0142odawa<\/li><li>Babiak<\/li><li>D\u0105bie<\/li><li>Przedecz<\/li><li>Ko\u015bcielec<\/li><li>Grzegorzew<\/li><\/ul>\t\t\t\t\t\t\t\t<\/div>\n\t\t\t\t<\/div>\n\t\t\t\t\t<\/div>\n\t\t\t\t<\/div>\n\t\t<div class=\"elementor-element elementor-element-d835717 e-flex e-con-boxed e-con e-parent\" data-id=\"d835717\" data-element_type=\"container\">\n\t\t\t\t\t<div class=\"e-con-inner\">\n\t\t\t\t<div class=\"elementor-element elementor-element-8a0d840 elementor-widget elementor-widget-heading\" data-id=\"8a0d840\" data-element_type=\"widget\" data-widget_type=\"heading.default\">\n\t\t\t\t<div class=\"elementor-widget-container\">\n\t\t\t\t\t<h2 class=\"elementor-heading-title elementor-size-default\">Powiat i miasto Konin:<\/h2>\t\t\t\t<\/div>\n\t\t\t\t<\/div>\n\t\t\t\t\t<\/div>\n\t\t\t\t<\/div>\n\t\t<div class=\"elementor-element elementor-element-3a6e526 e-flex e-con-boxed e-con e-parent\" data-id=\"3a6e526\" data-element_type=\"container\">\n\t\t\t\t\t<div class=\"e-con-inner\">\n\t\t\t\t<div class=\"elementor-element elementor-element-3f3f269 elementor-widget elementor-widget-text-editor\" data-id=\"3f3f269\" data-element_type=\"widget\" data-widget_type=\"text-editor.default\">\n\t\t\t\t<div class=\"elementor-widget-container\">\n\t\t\t\t\t\t\t\t\t<ul><li>Konin<\/li><li>\u015alesin<\/li><li>Rzg\u00f3w<\/li><li>Kramsk<\/li><li>Kleczew<\/li><li>Golina<\/li><li>Sompolno<\/li><li>Skulsk<\/li><li>Rychwa\u0142<\/li><li>Grodziec<\/li><li>Kazimierz Biskupi<\/li><\/ul>\t\t\t\t\t\t\t\t<\/div>\n\t\t\t\t<\/div>\n\t\t\t\t\t<\/div>\n\t\t\t\t<\/div>\n\t\t<div class=\"elementor-element elementor-element-5121597 e-flex e-con-boxed e-con e-parent\" data-id=\"5121597\" data-element_type=\"container\">\n\t\t\t\t\t<div class=\"e-con-inner\">\n\t\t\t\t<div class=\"elementor-element elementor-element-65327ea elementor-widget elementor-widget-heading\" data-id=\"65327ea\" data-element_type=\"widget\" data-widget_type=\"heading.default\">\n\t\t\t\t<div class=\"elementor-widget-container\">\n\t\t\t\t\t<h2 class=\"elementor-heading-title elementor-size-default\">Powiat i miasto Inowroc\u0142aw:<\/h2>\t\t\t\t<\/div>\n\t\t\t\t<\/div>\n\t\t\t\t\t<\/div>\n\t\t\t\t<\/div>\n\t\t<div class=\"elementor-element elementor-element-d3b3a57 e-flex e-con-boxed e-con e-parent\" data-id=\"d3b3a57\" data-element_type=\"container\">\n\t\t\t\t\t<div class=\"e-con-inner\">\n\t\t\t\t<div class=\"elementor-element elementor-element-f97c4f9 elementor-widget elementor-widget-text-editor\" data-id=\"f97c4f9\" data-element_type=\"widget\" data-widget_type=\"text-editor.default\">\n\t\t\t\t<div class=\"elementor-widget-container\">\n\t\t\t\t\t\t\t\t\t<ul><li>Inowroc\u0142aw<\/li><li>Janikowo<\/li><li>Kruszwica<\/li><li>Gniewkowo<\/li><li>Pako\u015b\u0107<\/li><li>D\u0105browa Biskupia<\/li><li>Z\u0142otniki Kujawskie<\/li><li>Rojewo<\/li><\/ul>\t\t\t\t\t\t\t\t<\/div>\n\t\t\t\t<\/div>\n\t\t\t\t\t<\/div>\n\t\t\t\t<\/div>\n\t\t<div class=\"elementor-element elementor-element-7dd976a e-flex e-con-boxed e-con e-parent\" data-id=\"7dd976a\" data-element_type=\"container\">\n\t\t\t\t\t<div class=\"e-con-inner\">\n\t\t\t\t<div class=\"elementor-element elementor-element-bf16984 elementor-widget elementor-widget-heading\" data-id=\"bf16984\" data-element_type=\"widget\" data-widget_type=\"heading.default\">\n\t\t\t\t<div class=\"elementor-widget-container\">\n\t\t\t\t\t<h2 class=\"elementor-heading-title elementor-size-default\">Powiat i miasto Mogilno:<\/h2>\t\t\t\t<\/div>\n\t\t\t\t<\/div>\n\t\t\t\t\t<\/div>\n\t\t\t\t<\/div>\n\t\t<div class=\"elementor-element elementor-element-750bd68 e-flex e-con-boxed e-con e-parent\" data-id=\"750bd68\" data-element_type=\"container\">\n\t\t\t\t\t<div class=\"e-con-inner\">\n\t\t\t\t<div class=\"elementor-element elementor-element-af2add0 elementor-widget elementor-widget-text-editor\" data-id=\"af2add0\" data-element_type=\"widget\" data-widget_type=\"text-editor.default\">\n\t\t\t\t<div class=\"elementor-widget-container\">\n\t\t\t\t\t\t\t\t\t<ul><li>Mogilno<\/li><li>Strzelno<\/li><li>D\u0105browa<\/li><li>Jeziora Wielkie<\/li><\/ul>\t\t\t\t\t\t\t\t<\/div>\n\t\t\t\t<\/div>\n\t\t\t\t\t<\/div>\n\t\t\t\t<\/div>\n\t\t\t\t<\/div>\n\t\t","protected":false},"excerpt":{"rendered":"<p>Obszar, w kt\u00f3rym wykonywane s\u0105 wyceny nieruchomo\u015bci obejmuje: Powiat i miasto W\u0142oc\u0142awek: W\u0142oc\u0142awek Brze\u015b\u0107 Kujawski Baruchowo Lubanie Lubraniec Choce\u0144 Chodecz Fabianki Izbica Kujawska Boniewo Kowal Powiat i miasto Aleksandr\u00f3w Kujawski: Aleksandr\u00f3w Kujawski Ciechocinek Zakrzewo B\u0105dkowo Koneck Raci\u0105\u017cek Waganiec Ciechocinek Powiat i miasto Radziej\u00f3w: Radziej\u00f3w Piotrk\u00f3w Kujawski Bycz Top\u00f3lka Osi\u0119ciny Dobre Powiat i miasto Ko\u0142o: Ko\u0142o &hellip; <\/p>\n<p class=\"link-more\"><a href=\"https:\/\/adamczyk-wycena.pl\/index.php\/zasie-dzialalnosc\/\" class=\"more-link\">Czytaj dalej<span class=\"screen-reader-text\"> \u201eZasi\u0119g dzia\u0142alno\u015bci\u201d<\/span><\/a><\/p>\n","protected":false},"author":1,"featured_media":0,"parent":0,"menu_order":0,"comment_status":"closed","ping_status":"closed","template":"","meta":{"_monsterinsights_skip_tracking":false,"_monsterinsights_sitenote_active":false,"_monsterinsights_sitenote_note":"","_monsterinsights_sitenote_category":0,"footnotes":""},"class_list":["post-278","page","type-page","status-publish","hentry"],"aioseo_notices":[],"_links":{"self":[{"href":"https:\/\/adamczyk-wycena.pl\/index.php\/wp-json\/wp\/v2\/pages\/278","targetHints":{"allow":["GET"]}}],"collection":[{"href":"https:\/\/adamczyk-wycena.pl\/index.php\/wp-json\/wp\/v2\/pages"}],"about":[{"href":"https:\/\/adamczyk-wycena.pl\/index.php\/wp-json\/wp\/v2\/types\/page"}],"author":[{"embeddable":true,"href":"https:\/\/adamczyk-wycena.pl\/index.php\/wp-json\/wp\/v2\/users\/1"}],"replies":[{"embeddable":true,"href":"https:\/\/adamczyk-wycena.pl\/index.php\/wp-json\/wp\/v2\/comments?post=278"}],"version-history":[{"count":5,"href":"https:\/\/adamczyk-wycena.pl\/index.php\/wp-json\/wp\/v2\/pages\/278\/revisions"}],"predecessor-version":[{"id":283,"href":"https:\/\/adamczyk-wycena.pl\/index.php\/wp-json\/wp\/v2\/pages\/278\/revisions\/283"}],"wp:attachment":[{"href":"https:\/\/adamczyk-wycena.pl\/index.php\/wp-json\/wp\/v2\/media?parent=278"}],"curies":[{"name":"wp","href":"https:\/\/api.w.org\/{rel}","templated":true}]}}